ime number?
True
Is 33107 a prime number?
True
Is 33679 a prime number?
True
Is 29123 a composite number?
False
Is 4637 a composite number?
False
Is 16331 a composite number?
True
Is 2761 composite?
True
Is 2578 a prime number?
False
Is 28349 composite?
False
Is 224851 a composite number?
True
Is 316339 a prime number?
True
Is 81799 composite?
False
Is 793 a prime number?
False
Is 11239 composite?
False
Is 4103 a prime number?
False
Is 104281 a composite number?
False
Is 15107 composite?
False
Is 476173 a prime number?
False
Is 123479 prime?
True
Is 24733 prime?
True
Is 6373 composite?
False
Is 26927 a composite number?
False
Is 200569 a composite number?
False
Is 195781 a prime number?
True
Is 13151 a prime number?
True
Is 469891 composite?
False
Is 156263 a composite number?
True
Is 187 a prime number?
False
Is 545141 a composite number?
False
Is 58385 composite?
True
Is 847871 composite?
False
Is 460051 a prime number?
True
Is 3368971 composite?
True
Is 1343759 a prime number?
True
Is 134077 a composite number?
False
Is 97459 prime?
True
Is 76513 a composite number?
True
Is 138461 composite?
False
Is 8197 composite?
True
Is 1134638 composite?
True
Is 1811 composite?
False
Is 55201 composite?
False
Is 289 composite?
True
Is 1081 a composite number?
True
Is 190987 prime?
False
Is 16255 composite?
True
Is 34753 prime?
False
Is 631211 a composite number?
True
Is 47599 prime?
True
Is 633503 prime?
False
Is 15227 prime?
True
Is 6029 composite?
False
Is 46843 prime?
False
Is 5062 composite?
True
Is 184369 prime?
True
Is 3691 prime?
True
Is 1254079 a prime number?
True
Is 3671 prime?
True
Is 182851 composite?
False
Is 10081 prime?
False
Is 19797 prime?
False
Is 498679 a prime number?
True
Is 7441 a prime number?
False
Is 1666477 prime?
True
Is 4385669 a composite number?
False
Is 713 a prime number?
False
Is 449 composite?
False
Is 7319 prime?
False
Is 1949 composite?
False
Is 1917871 a composite number?
False
Is 76649 a composite number?
False
Is 32743 prime?
False
Is 168013 composite?
False
Is 160793 composite?
True
Is 5747 a prime number?
False
Is 411667 a prime number?
True
Is 264035 composite?
True
Is 750199 a prime number?
False
Is 350657 a prime number?
True
Is 7349 a prime number?
True
Is 47137 a composite number?
False
Is 922859 prime?
False
Is 5131 prime?
False
Is 5789 a prime number?
False
Is 11959 prime?
True
Is 5027 composite?
True
Is 13303 composite?
True
Is 224087 a composite number?
True
Is 2217035 a composite number?
True
Is 157 composite?
False
Is 1082247 prime?
False
Is 227657 composite?
True
Is 25391 a prime number?
True
Is 20123 composite?
False
Is 128987 composite?
False
Is 5919 a composite number?
True
Is 168323 a prime number?
True
Is 147253 composite?
False
Is 14813 composite?
False
Is 15999 composite?
True
Is 171007 prime?
True
Is 16759 prime?
True
Is 111701 prime?
False
Is 8941 a prime number?
True
Is 710257 composite?
False
Is 26779 a composite number?
True
Is 8147 prime?
True
Is 539197 composite?
True
Is 4822 a composite number?
True
Is 447247 a prime number?
True
Is 219893 composite?
True
Is 15073 a composite number?
False
Is 163 a prime number?
True
Is 331849 a prime number?
False
Is 169298 prime?
False
Is 141 prime?
False
Is 309391 composite?
False
Is 77 composite?
True
Is 1643 prime?
False
Is 12251 composite?
False
Is 230513 prime?
False
Is 134105 composite?
True
Is 1524787 a composite number?
True
Is 46078 prime?
False
Is 4979 a prime number?
False
Is 61307 composite?
True
Is 2042 a prime number?
False
Is 8879 composite?
True
Is 25105 composite?
True
Is 5323 a composite number?
False
Is 8098 a prime number?
False
Is 9547 prime?
True
Is 6079 a composite number?
False
Is 81163 composite?
False
Is 33547 prime?
True
Is 3337109 prime?
True
Is 261753 composite?
True
Is 31867 prime?
False
Is 851439 prime?
False
Is 34469 prime?
True
Is 6295 a composite number?
True
Is 4721 a composite number?
False
Is 108497 prime?
True
Is 152501 prime?
True
Is 384817 a prime number?
True
Is 43711 composite?
False
Is 34733 composite?
True
Is 30289 a composite number?
True
Is 23977 a composite number?
False
Is 6801 a composite number?
True
Is 141373 composite?
True
Is 6609 prime?
False
Is 1294753 a prime number?
True
Is 124511 a prime number?
False
Is 19441 a composite number?
False
Is 3511 a prime number?
True
Is 47159 prime?
False
Is 9197 a composite number?
True
Is 576151 prime?
True
Is 4275233 a composite number?
False
Is 75085 composite?
True
Is 1973665 prime?
False
Is 115886 a prime number?
False
Is 99226 a prime number?
False
Is 1087 a composite number?
False
Is 299357 composite?
False
Is 152089 prime?
False
Is 4421 composite?
False
Is 3974 a composite number?
True
Is 6941 composite?
True
Is 62261 a composite number?
True
Is 21874 composite?
True
Is 317633 prime?
False
Is 201917 a prime number?
False
Is 13963 a prime number?
True
Is 112799 prime?
True
Is 853 prime?
True
Is 1177 a composite number?
True
Is 2813 composite?
True
Is 32183 prime?
True
Is 166691 a composite number?
True
Is 38543 a prime number?
True
Is 94079 a composite number?
False
Is 1114 a composite number?
True
Is 2579 a prime number?
True
Is 3151 a composite number?
True
Is 53047 prime?
True
Is 411 a composite number?
True
Is 17257 a prime number?
True
Is 219103 a prime number?
True
Is 9151 a composite number?
False
Is 317479 a composite number?
True
Is 4851133 composite?
True
Is 2077 a prime number?
False
Is 11579 prime?
True
Is 58601 prime?
True
Is 29663 a prime number?
True
Is 622241 a prime number?
True
Is 58655 a composite number?
True
Is 3603 a prime number?
False
Is 9337 a prime number?
True
Is 25927 a composite number?
True
Is 58363 composite?
False
Is 136009 prime?
False
Is 32017 a prime number?
False
Is 2495273 composite?
True
Is 177001 composite?
True
Is 251 a composite number?
False
Is 84869 composite?
False
Is 96401 a composite number?
False
Is 11429 a prime number?
False
Is 2044321 composite?
False
Is 132827 a prime number?
False
Is 10883 composite?
False
Is 46261 prime?
True
Is 158071 prime?
True
Is 967 a prime number?
True
Is 7639 composite?
False
Is 9199 a prime number?
True
Is 2437 a composite number?
False
Is 7229 a composite number?
False
Is 2203 a composite number?
False
Is 30106 a composite number?
True
Is 2726059 a composite number?
True
Is 11185 a prime number?
False
Is 2407 a prime number?
False
Is 29059 prime?
True
Is 86455 a prime number?
False
Is 246821 a prime number?
False
Is 1224707 a composite number?
True
Is 2949 prime?
False
Is 45361 composite?
False
Is 12283 composite?
True
Is 23399 composite?
False
Is 129905 prime?
False
Is 131101 composite?
False
Is 4421 prime?
True
Is 333751 composite?
True
Is 469 a prime number?
False
Is 15659 prime?
False
Is 34819 composite?
False
Is 6469 composite?
False
Is 101627 a composite number?
False
Is 359171 prime?
True
Is 1035661 a prime number?
False
Is 400777 a composite number?
True
Is 446 a composite number?
True
Is 5333 a composite number?
False
Is 55135 prime?
False
Is 1396207 composite?
False
Is 44489 a prime number?
False
Is 21433 a composite number?
False
Is 34403 prime?
True
Is 15133 a prime number?
False
Is 18607 prime?
False
Is 1118653 composite?
False
Is 416495 prime?
False
Is 467549 prime?
True
Is 12319 composite?
True
Is 110411 a prime number?
False
Is 3691 a prime number?
True
Is 66687 prime?
False
Is 18859 prime?
True
Is 197227 prime?
False
Is 42553 a composite number?
True
Is 1803 a composite number?
True
Is 6959 prime?
True
Is 333129 prime?
False
Is 91259 composite?
True
Is 16319 prime?
True
Is 705982 composite?
True
Is 3502601 a composite number?
True
Is 54601 a composite number?
False
Is 186433 prime?
False
Is 8861 composite?
False
Is 5594 a prime number?
False
Is 175831 a prime number?
False
Is 3205 a prime number?
False
Is 95369 a prime number?
True
Is 87793 prime?
True
Is 1469 prime?
False
Is 11721 a composite number?
True
Is 2206 a prime number?
False
Is 12319 a prime number?
False
Is 23513 a prime number?
False
Is 8357 a prime number?
False
Is 519161 prime?
True
Is 307387 a composite number?
True
Is 29531 a prime number?
True
Is 74 a composite number?
True
Is 869617 prime?
False
Is 24239 a composite number?
False
Is 4083 a prime number?
False
Is 57073 composite?
False
Is